{"id":69,"date":"2022-12-29T15:25:05","date_gmt":"2022-12-29T14:25:05","guid":{"rendered":"https:\/\/www.weiden-apotheke-hh.de\/?page_id=69"},"modified":"2023-01-29T17:32:41","modified_gmt":"2023-01-29T16:32:41","slug":"kontakt","status":"publish","type":"page","link":"https:\/\/www.weiden-apotheke-hh.de\/?page_id=69","title":{"rendered":"KONTAKT"},"content":{"rendered":"\n<p>KONTAKT<\/p>\n\n\n\n<figure class=\"wp-block-image size-large\"><img loading=\"lazy\" decoding=\"async\" width=\"1024\" height=\"482\" src=\"https:\/\/www.weiden-apotheke-hh.de\/wp-content\/uploads\/2023\/01\/JHP-5357-1024x482.jpg\" alt=\"\" class=\"wp-image-231\" srcset=\"https:\/\/www.weiden-apotheke-hh.de\/wp-content\/uploads\/2023\/01\/JHP-5357-1024x482.jpg 1024w, https:\/\/www.weiden-apotheke-hh.de\/wp-content\/uploads\/2023\/01\/JHP-5357-300x141.jpg 300w, https:\/\/www.weiden-apotheke-hh.de\/wp-content\/uploads\/2023\/01\/JHP-5357-768x362.jpg 768w, https:\/\/www.weiden-apotheke-hh.de\/wp-content\/uploads\/2023\/01\/JHP-5357-1536x723.jpg 1536w, https:\/\/www.weiden-apotheke-hh.de\/wp-content\/uploads\/2023\/01\/JHP-5357-2048x965.jpg 2048w\" sizes=\"auto, (max-width: 1024px) 100vw, 1024px\" \/><\/figure>\n\n\n\n<p>Sie haben Lob, W\u00fcnsche oder Kritik?<\/p>\n\n\n\n<p>Bitte teilen Sie uns mit, was Sie bewegt. So k\u00f6nnen wir uns noch besser auf Sie&nbsp;einstellen und die Qualit\u00e4t unserer Leistungen weiter verbessern.<\/p>\n\n\n\n<div class=\"wp-block-contact-form-7-contact-form-selector\">\n<div class=\"wpcf7 no-js\" id=\"wpcf7-f91-o1\" lang=\"de-DE\" dir=\"ltr\">\n<div class=\"screen-reader-response\"><p role=\"status\" aria-live=\"polite\" aria-atomic=\"true\"><\/p> <ul><\/ul><\/div>\n<form action=\"\/index.php?rest_route=%2Fwp%2Fv2%2Fpages%2F69#wpcf7-f91-o1\" method=\"post\" class=\"wpcf7-form init\" aria-label=\"Kontaktformular\" novalidate=\"novalidate\" data-status=\"init\">\n<div style=\"display: none;\">\n<input type=\"hidden\" name=\"_wpcf7\" value=\"91\" \/>\n<input type=\"hidden\" name=\"_wpcf7_version\" value=\"5.9.3\" \/>\n<input type=\"hidden\" name=\"_wpcf7_locale\" value=\"de_DE\" \/>\n<input type=\"hidden\" name=\"_wpcf7_unit_tag\" value=\"wpcf7-f91-o1\" \/>\n<input type=\"hidden\" name=\"_wpcf7_container_post\" value=\"0\" \/>\n<input type=\"hidden\" name=\"_wpcf7_posted_data_hash\" value=\"\" \/>\n<\/div>\n<p><label> Ihr Name<br \/>\n<span class=\"wpcf7-form-control-wrap\" data-name=\"your-name\"><input size=\"40\" class=\"wpcf7-form-control wpcf7-text wpcf7-validates-as-required\" aria-required=\"true\" aria-invalid=\"false\" value=\"\" type=\"text\" name=\"your-name\" \/><\/span> <\/label>\n<\/p>\n<p><label> Ihre E-Mail-Adresse<br \/>\n<span class=\"wpcf7-form-control-wrap\" data-name=\"your-email\"><input size=\"40\" class=\"wpcf7-form-control wpcf7-email wpcf7-validates-as-required wpcf7-text wpcf7-validates-as-email\" aria-required=\"true\" aria-invalid=\"false\" value=\"\" type=\"email\" name=\"your-email\" \/><\/span> <\/label>\n<\/p>\n<p><label> Betreff<br \/>\n<span class=\"wpcf7-form-control-wrap\" data-name=\"your-subject\"><input size=\"40\" class=\"wpcf7-form-control wpcf7-text wpcf7-validates-as-required\" aria-required=\"true\" aria-invalid=\"false\" value=\"\" type=\"text\" name=\"your-subject\" \/><\/span> <\/label>\n<\/p>\n<p><label> Ihre Nachricht \/ Frage<br \/>\n<span class=\"wpcf7-form-control-wrap\" data-name=\"your-message\"><textarea cols=\"40\" rows=\"10\" class=\"wpcf7-form-control wpcf7-textarea\" aria-invalid=\"false\" name=\"your-message\"><\/textarea><\/span> <\/label>\n<\/p>\n<p><span class=\"wpcf7-form-control-wrap\" data-name=\"checkbox-141\"><span class=\"wpcf7-form-control wpcf7-checkbox wpcf7-validates-as-required\"><span class=\"wpcf7-list-item first last\"><label><input type=\"checkbox\" name=\"checkbox-141[]\" value=\"Mit der Nutzung dieses Formulars erkl\u00e4ren Sie sich mit der Speicherung und Verarbeitung Ihrer Daten durch diese Website einverstanden.\" \/><span class=\"wpcf7-list-item-label\">Mit der Nutzung dieses Formulars erkl\u00e4ren Sie sich mit der Speicherung und Verarbeitung Ihrer Daten durch diese Website einverstanden.<\/span><\/label><\/span><\/span><\/span>\n<\/p>\n<p><input class=\"wpcf7-form-control wpcf7-submit has-spinner\" type=\"submit\" value=\"Senden\" \/>\n<\/p><div class=\"wpcf7-response-output\" aria-hidden=\"true\"><\/div>\n<\/form>\n<\/div>\n<\/div>\n\n\n<div id=\"wpgmza_map_1\" class=\"wpgmza_map wpgmza-auto-left\" style=\"display:block;width:100%;height:400px;overflow:hidden;position:relative;\" data-map-id=\"1\" data-maps-engine=\"open-layers\" data-build-engine=\"atlas-novus\" data-shortcode-attributes=\"{&quot;id&quot;:&quot;1&quot;,&quot;zoom&quot;:false,&quot;width&quot;:false,&quot;height&quot;:false,&quot;marker&quot;:false,&quot;classname&quot;:false}\" data-settings=\"{&quot;map_title&quot;:&quot;Weiden Apotheke&quot;,&quot;map_width&quot;:&quot;100&quot;,&quot;map_height&quot;:&quot;400&quot;,&quot;map_start_lat&quot;:&quot;53.56614101173602&quot;,&quot;map_start_lng&quot;:&quot;9.994649190521377&quot;,&quot;map_start_location&quot;:&quot;45.950464398418106,-109.81550500000003&quot;,&quot;map_start_zoom&quot;:&quot;14&quot;,&quot;default_marker&quot;:&quot;&quot;,&quot;type&quot;:&quot;0&quot;,&quot;alignment&quot;:&quot;4&quot;,&quot;directions_enabled&quot;:&quot;0&quot;,&quot;styling_enabled&quot;:&quot;0&quot;,&quot;styling_json&quot;:&quot;&quot;,&quot;active&quot;:&quot;0&quot;,&quot;kml&quot;:&quot;&quot;,&quot;bicycle&quot;:&quot;0&quot;,&quot;traffic&quot;:&quot;0&quot;,&quot;dbox&quot;:&quot;0&quot;,&quot;dbox_width&quot;:&quot;&quot;,&quot;listmarkers&quot;:&quot;0&quot;,&quot;listmarkers_advanced&quot;:&quot;0&quot;,&quot;filterbycat&quot;:&quot;0&quot;,&quot;ugm_enabled&quot;:&quot;0&quot;,&quot;ugm_category_enabled&quot;:&quot;0&quot;,&quot;fusion&quot;:&quot;&quot;,&quot;map_width_type&quot;:&quot;%&quot;,&quot;map_height_type&quot;:&quot;px&quot;,&quot;mass_marker_support&quot;:&quot;0&quot;,&quot;ugm_access&quot;:&quot;0&quot;,&quot;order_markers_by&quot;:&quot;0&quot;,&quot;order_markers_choice&quot;:&quot;0&quot;,&quot;show_user_location&quot;:&quot;0&quot;,&quot;default_to&quot;:&quot;&quot;,&quot;map_type&quot;:1,&quot;sl_stroke_color&quot;:&quot;&quot;,&quot;sl_fill_color&quot;:&quot;&quot;,&quot;sl_stroke_opacity&quot;:&quot;&quot;,&quot;sl_fill_opacity&quot;:&quot;&quot;,&quot;transport_layer&quot;:false,&quot;action&quot;:&quot;wpgmza_save_map&quot;,&quot;redirect_to&quot;:&quot;\\\/wp-admin\\\/admin-post.php&quot;,&quot;map_id&quot;:&quot;1&quot;,&quot;wpgmza_savemap&quot;:&quot;Karte speichern&quot;,&quot;http_referer&quot;:&quot;\\\/wp-admin\\\/admin.php?page=wp-google-maps-menu&amp;amp;action=edit&amp;amp;map_id=1&quot;,&quot;wpgmza_id&quot;:&quot;1&quot;,&quot;wpgmza_start_location&quot;:&quot;53.56614101173602,9.994649190521377&quot;,&quot;wpgmza_start_zoom&quot;:&quot;14&quot;,&quot;wpgmza_map_align&quot;:&quot;1&quot;,&quot;store_locator_enabled&quot;:false,&quot;store_locator_distance&quot;:false,&quot;store_locator_search_area&quot;:&quot;radial&quot;,&quot;wpgmza_store_locator_default_radius&quot;:&quot;10&quot;,&quot;store_locator_auto_area_max_zoom&quot;:&quot;&quot;,&quot;wpgmza_store_locator_radius_style&quot;:&quot;legacy&quot;,&quot;store_locator_component_anchor&quot;:&quot;0&quot;,&quot;wpgmza_store_locator_bounce&quot;:false,&quot;wpgmza_sl_animation&quot;:null,&quot;store_locator_query_string&quot;:&quot;&quot;,&quot;store_locator_location_placeholder&quot;:&quot;&quot;,&quot;store_locator_default_address&quot;:&quot;&quot;,&quot;store_locator_name_search&quot;:false,&quot;store_locator_name_string&quot;:&quot;&quot;,&quot;store_locator_not_found_message&quot;:&quot;&quot;,&quot;store_locator_show_distance&quot;:false,&quot;store_locator_category&quot;:false,&quot;wpgmza_store_locator_use_their_location&quot;:false,&quot;wpgmza_store_locator_hide_before_search&quot;:false,&quot;store_locator_nearby_searches&quot;:false,&quot;wpgmza_ol_tile_filter&quot;:&quot;none&quot;,&quot;wpgmza_theme_data&quot;:&quot;&quot;,&quot;custom_tile_enabled&quot;:false,&quot;custom_tile_image&quot;:&quot;&quot;,&quot;custom_tile_image_width&quot;:&quot;&quot;,&quot;custom_tile_image_height&quot;:&quot;&quot;,&quot;custom_tile_image_attribution&quot;:&quot;&quot;,&quot;iw_primary_color&quot;:&quot;#000000&quot;,&quot;iw_accent_color&quot;:&quot;#000000&quot;,&quot;iw_text_color&quot;:&quot;#000000&quot;,&quot;close_infowindow_on_map_click&quot;:false,&quot;marker_share_links&quot;:false,&quot;wpgmza_listmarkers_by&quot;:&quot;0&quot;,&quot;marker_listing_component_anchor&quot;:null,&quot;marker_listing_component_auto_open&quot;:false,&quot;dataTable_pagination_style&quot;:null,&quot;category_filter_component_anchor&quot;:null,&quot;zoom_level_on_marker_listing_override&quot;:false,&quot;zoom_level_on_marker_listing_click&quot;:&quot;&quot;,&quot;marker_listing_disable_zoom&quot;:false,&quot;datatable_no_result_message&quot;:&quot;&quot;,&quot;remove_search_box_datables&quot;:false,&quot;datatable_search_string&quot;:&quot;&quot;,&quot;datatable_result_start&quot;:&quot;&quot;,&quot;datatable_result_of&quot;:&quot;&quot;,&quot;datatable_result_to&quot;:&quot;&quot;,&quot;datatable_result_total&quot;:&quot;&quot;,&quot;datatable_result_show&quot;:&quot;&quot;,&quot;datatable_result_entries&quot;:&quot;&quot;,&quot;category_legends_enabled&quot;:false,&quot;category_legends_component_anchor&quot;:null,&quot;jump_to_nearest_marker_on_initialization&quot;:false,&quot;click_open_link&quot;:false,&quot;wpgmza_zoom_on_marker_click&quot;:false,&quot;wpgmza_zoom_on_marker_click_slider&quot;:&quot;&quot;,&quot;polygon_labels&quot;:false,&quot;disable_polygon_info_windows&quot;:false,&quot;fit_maps_bounds_to_markers&quot;:false,&quot;fit_maps_bounds_to_markers_after_filtering&quot;:false,&quot;automatically_pan_to_users_location&quot;:false,&quot;override_users_location_zoom_level&quot;:false,&quot;override_users_location_zoom_levels&quot;:&quot;&quot;,&quot;show_distance_from_location&quot;:false,&quot;map_starts_in_streetview&quot;:false,&quot;map_starts_in_streetview_location&quot;:&quot;&quot;,&quot;map_starts_in_streetview_heading&quot;:&quot;&quot;,&quot;map_starts_in_streetview_pitch&quot;:&quot;&quot;,&quot;map_max_zoom&quot;:&quot;21&quot;,&quot;map_min_zoom&quot;:&quot;0&quot;,&quot;hide_point_of_interest&quot;:false,&quot;disable_lightbox_images&quot;:false,&quot;use_Raw_Jpeg_Coordinates&quot;:false,&quot;enable_marker_ratings&quot;:false,&quot;only_load_markers_within_viewport&quot;:false,&quot;id&quot;:1}\" ><\/div>\n\n\n\n<script type=\"text\/javascript\" src=\"https:\/\/widget.meineapotheke.de\/mea-chat-widget.js\" defer=\"\"><\/script>\n<chat-widget pharmacy-id=\"15697fe7-6bbe-47b4-862b-0d1addbe3b60\" shop-url=\"https:\/\/www.meineapotheke.de\/shop\/weiden-apotheke-hamburg-20357\" primary-color=\"#98bf0c\"><\/chat-widget>\n","protected":false},"excerpt":{"rendered":"<p>KONTAKT Sie haben Lob, W\u00fcnsche oder Kritik? Bitte teilen Sie uns mit, was Sie bewegt. So k\u00f6nnen wir uns noch besser auf Sie&nbsp;einstellen und die Qualit\u00e4t unserer Leistungen weiter verbessern.<\/p>\n","protected":false},"author":1,"featured_media":0,"parent":0,"menu_order":0,"comment_status":"closed","ping_status":"closed","template":"","meta":{"footnotes":""},"class_list":["post-69","page","type-page","status-publish","hentry","post"],"yoast_head":"<!-- This site is optimized with the Yoast SEO plugin v22.3 - https:\/\/yoast.com\/wordpress\/plugins\/seo\/ -->\n<title>KONTAKT - Weiden Apotheke<\/title>\n<meta name=\"robots\" content=\"index, follow, max-snippet:-1, max-image-preview:large, max-video-preview:-1\" \/>\n<link rel=\"canonical\" href=\"https:\/\/www.weiden-apotheke-hh.de\/?page_id=69\" \/>\n<meta property=\"og:locale\" content=\"de_DE\" \/>\n<meta property=\"og:type\" content=\"article\" \/>\n<meta property=\"og:title\" content=\"KONTAKT - Weiden Apotheke\" \/>\n<meta property=\"og:description\" content=\"KONTAKT Sie haben Lob, W\u00fcnsche oder Kritik? Bitte teilen Sie uns mit, was Sie bewegt. So k\u00f6nnen wir uns noch besser auf Sie&nbsp;einstellen und die Qualit\u00e4t unserer Leistungen weiter verbessern.\" \/>\n<meta property=\"og:url\" content=\"https:\/\/www.weiden-apotheke-hh.de\/?page_id=69\" \/>\n<meta property=\"og:site_name\" content=\"Weiden Apotheke\" \/>\n<meta property=\"article:modified_time\" content=\"2023-01-29T16:32:41+00:00\" \/>\n<meta property=\"og:image\" content=\"https:\/\/www.weiden-apotheke-hh.de\/wp-content\/uploads\/2023\/01\/JHP-5357-1024x482.jpg\" \/>\n<meta name=\"twitter:card\" content=\"summary_large_image\" \/>\n<meta name=\"twitter:label1\" content=\"Gesch\u00e4tzte Lesezeit\" \/>\n\t<meta name=\"twitter:data1\" content=\"1\u00a0Minute\" \/>\n<script type=\"application\/ld+json\" class=\"yoast-schema-graph\">{\"@context\":\"https:\/\/schema.org\",\"@graph\":[{\"@type\":\"WebPage\",\"@id\":\"https:\/\/www.weiden-apotheke-hh.de\/?page_id=69\",\"url\":\"https:\/\/www.weiden-apotheke-hh.de\/?page_id=69\",\"name\":\"KONTAKT - Weiden Apotheke\",\"isPartOf\":{\"@id\":\"https:\/\/www.weiden-apotheke-hh.de\/#website\"},\"primaryImageOfPage\":{\"@id\":\"https:\/\/www.weiden-apotheke-hh.de\/?page_id=69#primaryimage\"},\"image\":{\"@id\":\"https:\/\/www.weiden-apotheke-hh.de\/?page_id=69#primaryimage\"},\"thumbnailUrl\":\"https:\/\/www.weiden-apotheke-hh.de\/wp-content\/uploads\/2023\/01\/JHP-5357-1024x482.jpg\",\"datePublished\":\"2022-12-29T14:25:05+00:00\",\"dateModified\":\"2023-01-29T16:32:41+00:00\",\"breadcrumb\":{\"@id\":\"https:\/\/www.weiden-apotheke-hh.de\/?page_id=69#breadcrumb\"},\"inLanguage\":\"de\",\"potentialAction\":[{\"@type\":\"ReadAction\",\"target\":[\"https:\/\/www.weiden-apotheke-hh.de\/?page_id=69\"]}]},{\"@type\":\"ImageObject\",\"inLanguage\":\"de\",\"@id\":\"https:\/\/www.weiden-apotheke-hh.de\/?page_id=69#primaryimage\",\"url\":\"https:\/\/www.weiden-apotheke-hh.de\/wp-content\/uploads\/2023\/01\/JHP-5357-scaled.jpg\",\"contentUrl\":\"https:\/\/www.weiden-apotheke-hh.de\/wp-content\/uploads\/2023\/01\/JHP-5357-scaled.jpg\",\"width\":2560,\"height\":1206},{\"@type\":\"BreadcrumbList\",\"@id\":\"https:\/\/www.weiden-apotheke-hh.de\/?page_id=69#breadcrumb\",\"itemListElement\":[{\"@type\":\"ListItem\",\"position\":1,\"name\":\"Startseite\",\"item\":\"https:\/\/www.weiden-apotheke-hh.de\/\"},{\"@type\":\"ListItem\",\"position\":2,\"name\":\"KONTAKT\"}]},{\"@type\":\"WebSite\",\"@id\":\"https:\/\/www.weiden-apotheke-hh.de\/#website\",\"url\":\"https:\/\/www.weiden-apotheke-hh.de\/\",\"name\":\"Weiden Apotheke\",\"description\":\"Von Mensch zu Mensch\",\"publisher\":{\"@id\":\"https:\/\/www.weiden-apotheke-hh.de\/#organization\"},\"potentialAction\":[{\"@type\":\"SearchAction\",\"target\":{\"@type\":\"EntryPoint\",\"urlTemplate\":\"https:\/\/www.weiden-apotheke-hh.de\/?s={search_term_string}\"},\"query-input\":\"required name=search_term_string\"}],\"inLanguage\":\"de\"},{\"@type\":\"Organization\",\"@id\":\"https:\/\/www.weiden-apotheke-hh.de\/#organization\",\"name\":\"Weiden Apotheke\",\"url\":\"https:\/\/www.weiden-apotheke-hh.de\/\",\"logo\":{\"@type\":\"ImageObject\",\"inLanguage\":\"de\",\"@id\":\"https:\/\/www.weiden-apotheke-hh.de\/#\/schema\/logo\/image\/\",\"url\":\"https:\/\/www.weiden-apotheke-hh.de\/wp-content\/uploads\/2023\/03\/WA-4C_claim_neu-e1678703943332.png\",\"contentUrl\":\"https:\/\/www.weiden-apotheke-hh.de\/wp-content\/uploads\/2023\/03\/WA-4C_claim_neu-e1678703943332.png\",\"width\":161,\"height\":40,\"caption\":\"Weiden Apotheke\"},\"image\":{\"@id\":\"https:\/\/www.weiden-apotheke-hh.de\/#\/schema\/logo\/image\/\"}}]}<\/script>\n<!-- \/ Yoast SEO plugin. -->","yoast_head_json":{"title":"KONTAKT - Weiden Apotheke","robots":{"index":"index","follow":"follow","max-snippet":"max-snippet:-1","max-image-preview":"max-image-preview:large","max-video-preview":"max-video-preview:-1"},"canonical":"https:\/\/www.weiden-apotheke-hh.de\/?page_id=69","og_locale":"de_DE","og_type":"article","og_title":"KONTAKT - Weiden Apotheke","og_description":"KONTAKT Sie haben Lob, W\u00fcnsche oder Kritik? Bitte teilen Sie uns mit, was Sie bewegt. So k\u00f6nnen wir uns noch besser auf Sie&nbsp;einstellen und die Qualit\u00e4t unserer Leistungen weiter verbessern.","og_url":"https:\/\/www.weiden-apotheke-hh.de\/?page_id=69","og_site_name":"Weiden Apotheke","article_modified_time":"2023-01-29T16:32:41+00:00","og_image":[{"url":"https:\/\/www.weiden-apotheke-hh.de\/wp-content\/uploads\/2023\/01\/JHP-5357-1024x482.jpg"}],"twitter_card":"summary_large_image","twitter_misc":{"Gesch\u00e4tzte Lesezeit":"1\u00a0Minute"},"schema":{"@context":"https:\/\/schema.org","@graph":[{"@type":"WebPage","@id":"https:\/\/www.weiden-apotheke-hh.de\/?page_id=69","url":"https:\/\/www.weiden-apotheke-hh.de\/?page_id=69","name":"KONTAKT - Weiden Apotheke","isPartOf":{"@id":"https:\/\/www.weiden-apotheke-hh.de\/#website"},"primaryImageOfPage":{"@id":"https:\/\/www.weiden-apotheke-hh.de\/?page_id=69#primaryimage"},"image":{"@id":"https:\/\/www.weiden-apotheke-hh.de\/?page_id=69#primaryimage"},"thumbnailUrl":"https:\/\/www.weiden-apotheke-hh.de\/wp-content\/uploads\/2023\/01\/JHP-5357-1024x482.jpg","datePublished":"2022-12-29T14:25:05+00:00","dateModified":"2023-01-29T16:32:41+00:00","breadcrumb":{"@id":"https:\/\/www.weiden-apotheke-hh.de\/?page_id=69#breadcrumb"},"inLanguage":"de","potentialAction":[{"@type":"ReadAction","target":["https:\/\/www.weiden-apotheke-hh.de\/?page_id=69"]}]},{"@type":"ImageObject","inLanguage":"de","@id":"https:\/\/www.weiden-apotheke-hh.de\/?page_id=69#primaryimage","url":"https:\/\/www.weiden-apotheke-hh.de\/wp-content\/uploads\/2023\/01\/JHP-5357-scaled.jpg","contentUrl":"https:\/\/www.weiden-apotheke-hh.de\/wp-content\/uploads\/2023\/01\/JHP-5357-scaled.jpg","width":2560,"height":1206},{"@type":"BreadcrumbList","@id":"https:\/\/www.weiden-apotheke-hh.de\/?page_id=69#breadcrumb","itemListElement":[{"@type":"ListItem","position":1,"name":"Startseite","item":"https:\/\/www.weiden-apotheke-hh.de\/"},{"@type":"ListItem","position":2,"name":"KONTAKT"}]},{"@type":"WebSite","@id":"https:\/\/www.weiden-apotheke-hh.de\/#website","url":"https:\/\/www.weiden-apotheke-hh.de\/","name":"Weiden Apotheke","description":"Von Mensch zu Mensch","publisher":{"@id":"https:\/\/www.weiden-apotheke-hh.de\/#organization"},"potentialAction":[{"@type":"SearchAction","target":{"@type":"EntryPoint","urlTemplate":"https:\/\/www.weiden-apotheke-hh.de\/?s={search_term_string}"},"query-input":"required name=search_term_string"}],"inLanguage":"de"},{"@type":"Organization","@id":"https:\/\/www.weiden-apotheke-hh.de\/#organization","name":"Weiden Apotheke","url":"https:\/\/www.weiden-apotheke-hh.de\/","logo":{"@type":"ImageObject","inLanguage":"de","@id":"https:\/\/www.weiden-apotheke-hh.de\/#\/schema\/logo\/image\/","url":"https:\/\/www.weiden-apotheke-hh.de\/wp-content\/uploads\/2023\/03\/WA-4C_claim_neu-e1678703943332.png","contentUrl":"https:\/\/www.weiden-apotheke-hh.de\/wp-content\/uploads\/2023\/03\/WA-4C_claim_neu-e1678703943332.png","width":161,"height":40,"caption":"Weiden Apotheke"},"image":{"@id":"https:\/\/www.weiden-apotheke-hh.de\/#\/schema\/logo\/image\/"}}]}},"_links":{"self":[{"href":"https:\/\/www.weiden-apotheke-hh.de\/index.php?rest_route=\/wp\/v2\/pages\/69","targetHints":{"allow":["GET"]}}],"collection":[{"href":"https:\/\/www.weiden-apotheke-hh.de\/index.php?rest_route=\/wp\/v2\/pages"}],"about":[{"href":"https:\/\/www.weiden-apotheke-hh.de\/index.php?rest_route=\/wp\/v2\/types\/page"}],"author":[{"embeddable":true,"href":"https:\/\/www.weiden-apotheke-hh.de\/index.php?rest_route=\/wp\/v2\/users\/1"}],"replies":[{"embeddable":true,"href":"https:\/\/www.weiden-apotheke-hh.de\/index.php?rest_route=%2Fwp%2Fv2%2Fcomments&post=69"}],"version-history":[{"count":9,"href":"https:\/\/www.weiden-apotheke-hh.de\/index.php?rest_route=\/wp\/v2\/pages\/69\/revisions"}],"predecessor-version":[{"id":232,"href":"https:\/\/www.weiden-apotheke-hh.de\/index.php?rest_route=\/wp\/v2\/pages\/69\/revisions\/232"}],"wp:attachment":[{"href":"https:\/\/www.weiden-apotheke-hh.de\/index.php?rest_route=%2Fwp%2Fv2%2Fmedia&parent=69"}],"curies":[{"name":"wp","href":"https:\/\/api.w.org\/{rel}","templated":true}]}}